{"id":792,"date":"2019-06-16T23:17:42","date_gmt":"2019-06-16T21:17:42","guid":{"rendered":"https:\/\/tkd-colomiers.fr\/?page_id=792"},"modified":"2025-08-26T15:40:22","modified_gmt":"2025-08-26T13:40:22","slug":"horaires","status":"publish","type":"page","link":"https:\/\/tkd-colomiers.fr\/index.php\/horaires\/","title":{"rendered":"Horaires \/ Tarifs"},"content":{"rendered":"<p><!--StartFragment--><\/p>\n\n\n<div class=\"wp-container-4 wp-block-columns has-3-columns\">\n<div class=\"wp-container-1 wp-block-column\">\n<hr class=\"wp-block-separator has-css-opacity\"\/>\n<\/div>\n\n\n\n<div class=\"wp-container-2 wp-block-column\">\n<h3 class=\"has-text-align-center\">NOS HORAIRES<\/h3>\n\n\n\n<p class=\"has-text-align-center\">2025 &#8211; 2026<\/p>\n<\/div>\n\n\n\n<div class=\"wp-container-3 wp-block-column\">\n<hr class=\"wp-block-separator has-css-opacity\"\/>\n<\/div>\n<\/div>\n\n\n\n<div class=\"wp-container-8 wp-block-columns has-3-columns\">\n<div class=\"wp-container-5 wp-block-column\">\n<h4 class=\"has-text-align-center\">LUNDI<\/h4>\n\n\n\n<figure class=\"wp-block-table\"><table class=\"has-fixed-layout\"><tbody><tr><td><\/td><\/tr><tr><td>Combat enfants pour 2015-2016-2017-2018 et sur avis de l\u2019entra\u00eeneur<br>18h00 &nbsp;\u2013&nbsp; 19h00  <\/td><\/tr><tr><td>Cours traditionnel \u00e0 partir de 2014<br>19h00 &nbsp;\u2013 &nbsp;20h00 <\/td><\/tr><tr><td>Combat Ados \/ Adultes \u00e0 partir de 2014<br>20h00 &nbsp;\u2013&nbsp; 21h15 <\/td><\/tr><\/tbody><\/table><figcaption>Attention maximum 5min de retard autoris\u00e9<\/figcaption><\/figure>\n<\/div>\n\n\n\n<div class=\"wp-container-6 wp-block-column\">\n<h4 class=\"has-text-align-center\">MERCREDI<\/h4>\n\n\n\n<figure class=\"wp-block-table\"><table class=\"has-fixed-layout\"><tbody><tr><td>Cours Babies pour 2021-2022 <br>16h45 &#8211; 17h15<\/td><\/tr><tr><td>Cours &nbsp;pour 2019-2020<br>17h15 &nbsp;\u2013&nbsp; 18h00  <\/td><\/tr><tr><td>Combat Enfants&nbsp;de 2015-2016-2017-2018<br>18h00 &nbsp;\u2013&nbsp; 19h00 <\/td><\/tr><tr><td>Combats Ados \/ Adultes \u00e0 partir de 2014<br>19h00 &nbsp;\u2013&nbsp; 20h15  <\/td><\/tr><tr><td>  Pr\u00e9paration physique g\u00e9n\u00e9rale (Adultes comp\u00e9titeurs et loisirs)<br>20h30 &nbsp;\u2013&nbsp; 21h30  <\/td><\/tr><\/tbody><\/table><figcaption>Attention maximum 5min de retard autoris\u00e9<\/figcaption><\/figure>\n<\/div>\n\n\n\n<div class=\"wp-container-7 wp-block-column\">\n<h4 class=\"has-text-align-center\">VENDREDI<\/h4>\n\n\n\n<figure class=\"wp-block-table\"><table class=\"has-fixed-layout\"><tbody><tr><td><\/td><\/tr><tr><td>  Enfants de 2015-2016-2017-2018<br>18h00 &nbsp;\u2013&nbsp; 19h00 <\/td><\/tr><tr><td>  Cours traditionnel \u00e0 partir de 2014<br>19h00 &nbsp;\u2013 &nbsp;20h00  <\/td><\/tr><tr><td>Combats  Ados \/ Adultes \u00e0 partir de 2014<br>20h00 &nbsp;\u2013&nbsp; 21h30 <\/td><\/tr><\/tbody><\/table><figcaption>Attention maximum 5min de retard autoris\u00e9<\/figcaption><\/figure>\n<\/div>\n<\/div>\n\n\n\n<p>Les horaires peuvent \u00e9voluer en fonction des directives donn\u00e9es par la municipalit\u00e9 et de l&#8217;\u00e9volution de la situation sanitaire.<\/p>\n\n\n\n<div class=\"wp-container-12 wp-block-columns has-3-columns\">\n<div class=\"wp-container-9 wp-block-column\">\n<hr class=\"wp-block-separator has-css-opacity\"\/>\n<\/div>\n\n\n\n<div class=\"wp-container-10 wp-block-column\">\n<h3 class=\"has-text-align-center\">NOS TARIFS<\/h3>\n\n\n\n<p class=\"has-text-align-center\">(Licence incluse)<\/p>\n\n\n\n<p class=\"has-text-align-center\">2025 &#8211; 2026<\/p>\n<\/div>\n\n\n\n<div class=\"wp-container-11 wp-block-column\">\n<hr class=\"wp-block-separator has-css-opacity\"\/>\n<\/div>\n<\/div>\n\n\n<p><!--StartFragment--><\/p>\n\n\n<div class=\"wp-container-18 wp-block-columns has-5-columns\">\n<div class=\"wp-container-13 wp-block-column\">\n<hr class=\"wp-block-separator has-css-opacity\"\/>\n\n\n\n<h4 class=\"has-text-align-center\">BABYS<\/h4>\n\n\n\n<p class=\"has-text-align-center\"> N\u00e9 entre 2021 et 2022<\/p>\n\n\n\n<h4 class=\"has-text-align-center\">175\u20ac<\/h4>\n<\/div>\n\n\n\n<div class=\"wp-container-14 wp-block-column\">\n<hr class=\"wp-block-separator has-css-opacity\"\/>\n\n\n\n<h4 class=\"has-text-align-center\">ENFANTS <\/h4>\n\n\n\n<p class=\"has-text-align-center\"> N\u00e9 entre 2016 et 2020<\/p>\n\n\n\n<h4 class=\"has-text-align-center\">205\u20ac<\/h4>\n<\/div>\n\n\n\n<div class=\"wp-container-15 wp-block-column\">\n<hr class=\"wp-block-separator has-css-opacity\"\/>\n\n\n\n<h4 class=\"has-text-align-center\"> ADOS <\/h4>\n\n\n\n<p class=\"has-text-align-center\"> N\u00e9 entre 2012 et  2015<\/p>\n\n\n\n<h4 class=\"has-text-align-center\">235\u20ac<\/h4>\n<\/div>\n\n\n\n<div class=\"wp-container-16 wp-block-column\">\n<hr class=\"wp-block-separator has-css-opacity\"\/>\n\n\n\n<h4 class=\"has-text-align-center\">ADULTES<\/h4>\n\n\n\n<p class=\"has-text-align-center\"> N\u00e9 en 2011 et avant<\/p>\n\n\n\n<h4 class=\"has-text-align-center\">265\u20ac<\/h4>\n<\/div>\n\n\n\n<div class=\"wp-container-17 wp-block-column\">\n<hr class=\"wp-block-separator has-css-opacity\"\/>\n\n\n\n<h4 class=\"has-text-align-center\">ADULTES <\/h4>\n\n\n\n<p class=\"has-text-align-center\">Uniquement mercredi soir : Cross Fit Musique <\/p>\n\n\n\n<h4 class=\"has-text-align-center\">105\u20ac<\/h4>\n<\/div>\n<\/div>\n\n\n\n<p> Tarif d\u00e9gressif suivant le nombre d\u2019inscrit de la m\u00eame famille : <\/p>\n\n\n\n<ul><li>30\u20ac de r\u00e9duction sur le 2\u00e8me inscrit<\/li><li>3\u00e8me inscrit 105\u20ac uniquement (valable pour le plus jeune)<\/li><\/ul>\n\n\n\n<p>\n\nPossibilit\u00e9 de paiement en 8 fois maximum par ch\u00e8que (dernier paiement en Avril) et&nbsp;en 1 seule fois en esp\u00e8ce.\n\n<\/p>\n\n\n\n<p> Autres moyens de paiement : Coupon Sport Mairie \u2013 Coupon Sport ANCV \u2013 Ch\u00e8que Vacance &#8211; Pass&#8217;Sport<\/p>\n\n\n\n<p> Pour tous renseignements suppl\u00e9mentaires, contacter Christophe LEGENDRE au 06-81-27-37-58 <\/p>\n\n\n\n<p> A noter, ce tarif n\u2019inclut pas les frais de passage de grade (8\u20ac) ni l\u2019inscription aux comp\u00e9titions (~30\u20ac\/comp\u00e9tition) <\/p>\n\n\n\n<p><\/p>\n\n\n\n<hr class=\"wp-block-separator has-css-opacity\"\/>\n","protected":false},"excerpt":{"rendered":"<p>NOS HORAIRES 2025 &#8211; 2026 LUNDI Combat enfants pour 2015-2016-2017-2018 et sur avis de l\u2019entra\u00eeneur18h00 &nbsp;\u2013&nbsp; 19h00 Cours traditionnel \u00e0 partir de 201419h00 &nbsp;\u2013 &nbsp;20h00 Combat Ados \/ Adultes \u00e0 partir de 201420h00 &nbsp;\u2013&nbsp; 21h15 Attention maximum 5min de retard autoris\u00e9 MERCREDI Cours Babies pour 2021-2022 16h45 &#8211; 17h15 Cours &nbsp;pour 2019-202017h15 &nbsp;\u2013&nbsp; 18h00 Combat [&hellip;]<\/p>\n","protected":false},"author":2,"featured_media":0,"parent":0,"menu_order":0,"comment_status":"closed","ping_status":"closed","template":"","meta":[],"featured_image_src":null,"featured_image_src_square":null,"_links":{"self":[{"href":"https:\/\/tkd-colomiers.fr\/index.php\/wp-json\/wp\/v2\/pages\/792"}],"collection":[{"href":"https:\/\/tkd-colomiers.fr\/index.php\/wp-json\/wp\/v2\/pages"}],"about":[{"href":"https:\/\/tkd-colomiers.fr\/index.php\/wp-json\/wp\/v2\/types\/page"}],"author":[{"embeddable":true,"href":"https:\/\/tkd-colomiers.fr\/index.php\/wp-json\/wp\/v2\/users\/2"}],"replies":[{"embeddable":true,"href":"https:\/\/tkd-colomiers.fr\/index.php\/wp-json\/wp\/v2\/comments?post=792"}],"version-history":[{"count":5,"href":"https:\/\/tkd-colomiers.fr\/index.php\/wp-json\/wp\/v2\/pages\/792\/revisions"}],"predecessor-version":[{"id":2687,"href":"https:\/\/tkd-colomiers.fr\/index.php\/wp-json\/wp\/v2\/pages\/792\/revisions\/2687"}],"wp:attachment":[{"href":"https:\/\/tkd-colomiers.fr\/index.php\/wp-json\/wp\/v2\/media?parent=792"}],"curies":[{"name":"wp","href":"https:\/\/api.w.org\/{rel}","templated":true}]}}